the remainder when 26 is divided by c(y)?
12
Let o(p) = 43*p**3 - 2*p**2 - p. Let d be o(-1). Let k = -19 - d. What is the remainder when k is divided by 9?
7
Let y = 20 + 5. Let x(w) = w**3 - 8*w**2 + 6*w + 6. Let q be x(7). Calculate the remainder when y is divided by (-3)/((-1)/(q + 4)).
7
Let u = -153 - -167. Calculate the remainder when 34 is divided by u.
6
Let d(a) = -a**2 + 8*a + 4. Let v(j) = -j**3 + 7*j**2 + j + 4. Calculate the remainder when d(4) is divided by v(7).
9
Let n = 16 - 20. Let k(i) = -4*i + 7. What is the remainder when 43 is divided by k(n)?
20
Let j be (-11)/4 + (-4)/16. Let s = 7 + j. Suppose 5*x = -15, -5*x - 17 = -s*o + 46. What is the remainder when 35 is divided by o?
11
Let g = -8 + 6. What is the remainder when (2 - 1) + (-82)/g is divided by 11?
9
Let h(u) = -2*u - 3. Let k be h(-2). Let q = 3 - k. Suppose 4*o = t - 21, 5*t - q*o = 7 + 8. Calculate the remainder when 3 is divided by t.
0
What is the remainder when 7 is divided by (-6)/4 - (-21)/6?
1
Let i(g) = 5*g + 5. Let j be i(5). Suppose 2*k - 4*k = -j. What is the remainder when 29 is divided by k?
14
Suppose -y = -3*y + 94. Let k = 88 - y. Let g(c) = 3*c**2 - c + 4. What is the remainder when k is divided by g(2)?
13
Suppose o - 3*f + 80 = 3*o, -5*o + 217 = -f. What is the remainder when o is divided by 22?
21
Let k(f) = 3*f**2 + 4*f - 2. Let x(d) = -2*d**2 - 3*d + 2. Let a(h) = 3*k(h) + 4*x(h). Calculate the remainder when 31 is divided by a(3).
9
Suppose 0*p = -3*p + 6. Let m = 9 - 5. What is the remainder when m is divided by p?
0
Let q(m) = m**3 - 4*m**2 - 6*m + 9. What is the remainder when 15 is divided by q(5)?
3
Let u = -11 + 16. Let a = -34 - -21. What is the remainder when 6/6 + (0 - a) is divided by u?
4
Let q(n) = -n**2 - 10*n - 6. Let f(j) = 4 + 0 + 2*j**2 + 4*j - 3. What is the remainder when f(-3) is divided by q(-9)?
1
Suppose 4*x = 3*m - 6 + 23, -x = 5*m - 10. Suppose -x*h + 0*h = -60. Calculate the remainder when h is divided by 5.
2
Suppose -5*p - 4*k + 16 = -k, 0 = 2*p - k - 2. Suppose 3*b - 5*r = -2*r + 81, 0 = -3*r - 6. Calculate the remainder when b is divided by p/6*(-1 - -40).
12
Let l = 32 - 12. Suppose 4*m - l + 0 = 0. What is the remainder when 8 is divided by m?
3
Suppose 2*z - 3*z + 30 = -k, k - 1 = 0. Calculate the remainder when z is divided by 8.
7
Suppose 2*a + a - 30 = 0. Suppose -3*x + j = 5*j - 32, -13 = 3*x - 5*j. What is the remainder when a is divided by (x/(-3))/((-2)/6)?
2
Suppose 3*z = 2*l + 77, 4*l = -2*z + 33 + 29. Suppose -z = -2*q + r, -3*r - 8 = -4*q + 47. What is the remainder when 24 is divided by q?
11
Let x = 1 - -4. Suppose 0 = 5*z + x*u - 185, -56 = -2*z + u + 18. Suppose 3*y - y - 38 = 0. Calculate the remainder when z is divided by y.
18
Suppose 12 = 5*u - 23. Let m = 11 - u. Calculate the remainder when 6 is divided by m.
2
Let n(c) = -c**3 + 9*c**2 + 11*c + 9. Calculate the remainder when 74 is divided by n(10).
17
Suppose 3*h - l = 2*l + 141, -4*h + 2*l = -190. Let y = -32 + h. Calculate the remainder when 62 is divided by y.
14
Suppose 0*j = d - 5*j + 2, -34 = -d - 4*j. Let f(a) = 5*a + 27. What is the remainder when d is divided by f(-4)?
4
Let z(s) = -s**3 - s**2 + 3*s + 3. Suppose 0 = 3*b + 82 + 89. Let u = b - -102. Calculate the remainder when u is divided by z(-3).
9
Let w(g) = 2*g - 8. Let i be w(5). What is the remainder when 33 is divided by ((-2)/(-4))/(i/36)?
6
Suppose -3*d - 8 = d. Let c be -4*3*(1 + d). Suppose 0 = -4*y - 0 + c. Calculate the remainder when y is divided by 2.
1
Let f(q) = q**2 - 5*q - 21. Calculate the remainder when f(15) is divided by 11.
8
Let x(t) be the third derivative of t**4/12 + t**3/3 - t**2. Suppose 0 = -q - 0*m + m + 6, 5*m + 21 = 2*q. What is the remainder when 14 is divided by x(q)?
6
Let o = -391 - -690. What is the remainder when o is divided by 43?
41
Let a be 1*(-94)/2*-1. Suppose -2*o - a = -3*o. Calculate the remainder when o is divided by 12.
11
Suppose 0*f = -4*f - 5*s + 299, -3*f + 3*s = -204. Suppose -5*t = -3*y + f, 0 = -2*y - 2*t - 3 + 45. What is the remainder when y is divided by 12?
10
Suppose 8 = -u + j + 15, u = -2*j - 2. Suppose -u*o + 8 = 2*h, -5*h - 5 = 4*o - 1. Calculate the remainder when (-2)/9 + (-130)/(-18) is divided by o.
3
Let d(h) = h**3 - 8*h**2 + 7*h + 6. Let s be d(7). What is the remainder when 30 is divided by (s - 5)*4*2?
6
Let y be 3008/56 + (-2)/(-7). Let d = y - 32. Calculate the remainder when d is divided by 8.
6
Let u(a) = a**2 + 3*a - 3. Let k = -4 - -5. Calculate the remainder when k is divided by u(-4).
0
Let p(v) be the third derivative of 1/6*v**3 - 1/24*v**4 + 0 + 3*v**2 + 0*v + 7/120*v**6 + 0*v**5. Calculate the remainder when 13 is divided by p(1).
6
Calculate the remainder when 19 is divided by (-14)/(-21)*45/3.
9
Let p = -66 + 79. What is the remainder when 38 is divided by p?
12
Let n = -1 - -5. Suppose -n*r + 5*t + 141 = 0, 0 = -r + 3*t - 10 + 47. Let y(l) = -l**2 + 12. Calculate the remainder when r is divided by y(0).
10
Let w(y) = 1 + 3*y**2 + 2*y**3 - 6*y + 3*y - 2*y**2 + 4*y**3. What is the remainder when w(1) is divided by 3?
2
Suppose 16*g - 20*g = -52. Calculate the remainder when 101 is divided by g.
10
Suppose -k - 29 = -2*s, -s - 7*k + 3*k = -37. Calculate the remainder when s is divided by 11.
6
Suppose -r + 10 = r, -2*u - 11 = -3*r. Suppose -2*m - 1 + 4 = h, -1 = 4*h - 5*m. Calculate the remainder when ((-2)/(-6))/h*9 is divided by u.
1
Let j(t) = t**2 - t. Calculate the remainder when j(7) is divided by (-3 + 8)*(-22)/(-5).
20
Let v(a) = -2*a**3 - 10*a**2 - 19*a + 2. Calculate the remainder when 58 is divided by v(-3).
12
Let o(f) = -3*f - 4. Let z be o(-3). Suppose -3*t + 41 = h + 2*t, -184 = -z*h - 4*t. What is the remainder when 141 is divided by h?
33
Suppose 6*p - 36 = 2*p. Let f(c) = c**3 - 6*c**2 + 3*c - 4. Let h be f(4). Let w = 40 + h. What is the remainder when w is divided by p?
7
Let z = 1 - -3. What is the remainder when 17 is divided by z?
1
Let a = 53 + -21. Suppose -2*f + 8*b - 3*b + a = 0, -5*f + 34 = -b. Calculate the remainder when f is divided by 4.
2
Suppose 3*w = -9, -3*w + 15 - 2 = 2*x. Calculate the remainder when (42/(-5))/((-8)/20) is divided by x.
10
Let f(t) = t**2 + t + 12. Let h be f(0). Suppose 3*d = d - h. Let x(w) = -w**2 - 9*w - 9. Calculate the remainder when 34 is divided by x(d).
7
Suppose 0 = -0*y + y - 6. Calculate the remainder when 17 is divided by y.
5
Let x be (2 - 1)*10/2. Let z = 13 - x. Suppose 3*i = -0*k - 5*k + 9, -4*i = -k + 11. Calculate the remainder when z is divided by k.
2
Let d be 15/(-2)*32/(-12). Suppose -5*k + 3*s + d = 2, 5*s - 38 = -3*k. Calculate the remainder when 4/(-6) + (-58)/(-6) is divided by k.
3
Let o(a) = -a + 2. Let w(s) be the first derivative of s**2/2 + 4*s + 1. Calculate the remainder when w(0) is divided by o(0).
0
Suppose -w - w + 6 = 4*j, 0 = 3*j + w - 2. What is the remainder when 30 is divided by (-8)/j - (-3 + 0)?
8
Let h = -8 + 13. Suppose -6 = -7*v + h*v. What is the remainder when v is divided by 3?
0
Let s = -1 - -1. Let f(a) be the second derivative of a**3/6 + 4*a**2 + 2*a. Calculate the remainder when f(s) is divided by 3.
2
Let h(r) = 2*r**3 + r**2 - 6*r + 7. What is the remainder when 42 is divided by h(2)?
12
Let h(w) = -10*w - 8. Let c(f) = -f + 22. Let y be c(9). Let o = y - -5. Calculate the remainder when h(-6) is divided by o.
16
Suppose 5*q = -191 + 466. Calculate the remainder when q is divided by 23.
9
Let r = 62 + -41. Let u = r - 10. What is the remainder when u is divided by 6?
5
Suppose w - 5 = k - 32, 4*k = 5*w + 105. Suppose -5*b - 1 = 9. What is the remainder when k is divided by (b + -2)*11/(-4)?
8
Suppose -5*p - 23 = -z, z - 8 = 3*p + 21. Suppose -5*c = 0, -n - 2*c = -5*c + 17. Let i = n + z. What is the remainder when i is divided by 6?
3
Let o = 32 + -55. Let n = -10 - o. Calculate the remainder when 37 is divided by n.
11
Suppose o = -o + k + 22, 4*o - 4*k - 36 = 0. What is the remainder when o is divided by 10?
3
Let v be 6 + (-7)/(7/4). Suppose 0*r + 180 = v*r. What is the remainder when r is divided by 23?
21
Suppose 4*i + 0*i - 8 = 0. Suppose 8 = r - n - 15, r + 4*n + i = 0. What is the remainder when 71 is divided by r?
17
Let d = -6 - -34. What is the remainder when 